= -l + z. What are the prime factors of l?
2, 29
Let z = 59 + 17. Suppose 5*t - t = -z. Let a = t - -38. List the prime factors of a.
19
Let g(n) = n**3 - 6*n**2 - 12*n + 15. Suppose -t - j = -16, 3*j + 7 = 6*t - 4*t. Let p be g(t). Suppose 0*z + p = 8*z. List the prime factors of z.
61
What are the prime factors of 2*(-5 + (-328)/(-16))?
31
Let x be (-1)/2 - (-51)/6. Let t(k) = k**2 - 7*k - 5. Let c be t(x). Suppose 7 = 4*p + y - c, 3*y + 15 = 3*p. List the prime factors of p.
3
Let n(h) = 4*h**2 - 27*h + 23. List the prime factors of n(-11).
2, 3, 67
Suppose -4*d - u = -11, 0 = -6*d + d - 3*u + 12. Suppose -4*r = 4*c - 24, d = r + 3*c - 9. Suppose 0 = a - 31 + r. What are the prime factors of a?
2, 7
Suppose -2*z + 10 = 0, 5*z = 4*a - 12945 + 3518. List the prime factors of a.
17, 139
Let z be 6/((-25)/10 - -1). Let f(p) = -17*p + 1. What are the prime factors of f(z)?
3, 23
Let u be (-16)/(-6)*(-78)/(-8). Suppose 19 = s + 14. Suppose k - u = q, -3*k - s*q + q = -71. List the prime factors of k.
5
Let h(b) = b**3 - 17*b**2 + 19*b - 20. Let c be h(17). Suppose 153 + c = 8*y. What are the prime factors of y?
3, 19
Let f(s) = -s**3 - 3*s**2 - 4*s - 1. Let n be f(-2). Suppose -5*b = n*c - 399, -6*c + 77 = b - 4*c. What are the prime factors of b?
3
Let a(s) = -4*s + 31. Let p(b) = 12*b - 94. Let x(t) = 10*a(t) + 3*p(t). What are the prime factors of x(-9)?
2
Let i = -44 + 79. Suppose 9*v - i = 4*v. What are the prime factors of v?
7
Suppose 6*w = 3*w + 3. Suppose g = 2 + w. Suppose p + 6*m - 6 = m, g*m = 5*p - 114. List the prime factors of p.
3, 7
Let j(n) = 6*n**2 - 5*n**2 + 88 - 11 + 0*n**2. What are the prime factors of j(0)?
7, 11
Suppose -4*j = -147 + 27. Suppose -j = -5*c + 80. What are the prime factors of c?
2, 11
Let f(i) = -i**2 + 2*i. Let w be f(3). List the prime factors of (-38)/57 - 230/w.
2, 19
Let c = -31 - -31. Suppose c = 2*b + 22 + 8. Let r = -10 - b. List the prime factors of r.
5
Suppose -327 = c + 2*c. What are the prime factors of (c - 1)/(-2 - 0)?
5, 11
Let b be (-18)/(-99) - (-5196)/(-22). Let n = b + 499. List the prime factors of n.
263
Let b be ((-63)/(-6))/3*2. Let i = 33 + b. List the prime factors of ((-70)/i)/((-1)/8).
2, 7
Let l(h) be the second derivative of 2*h**3/3 - 4*h**2 - 8*h. Let x be l(-6). What are the prime factors of x*((-20)/(-8) - 3)?
2
Let l(i) be the first derivative of 17*i**3/3 + 13*i - 22. What are the prime factors of l(-4)?
3, 5, 19
Suppose 75*v + 5*l = 70*v + 8605, -3438 = -2*v - l. What are the prime factors of v?
17, 101
Let v be (-1)/((-12)/(-10) + -1). Let n(y) = 55*y**2 - y - 22*y**2 + y**3 - 26*y**2 + 2. What are the prime factors of n(v)?
3, 19
Let x(t) = -138*t - 538. What are the prime factors of x(-13)?
2, 157
Let d(j) = 28*j + 15. List the prime factors of d(12).
3, 13
Let u = -7529 + 13011. List the prime factors of u.
2, 2741
List the prime factors of (10/6)/(7/7329).
5, 349
Let p(g) = -g**3 + 10*g**2 - g + 10. Let h be p(10). Suppose -z - 2 = -h. List the prime factors of (6/(-10))/(z/10).
3
Let h be 6/4*(-40)/15. Let u be (-455)/26*h/(-5). What are the prime factors of 4*u/(-4)*1?
2, 7
Let z be (1/(-3))/((-2)/12). Suppose 3 = -5*h - z. What are the prime factors of (-8 - 3)*2*h?
2, 11
List the prime factors of (-28)/420 + (-56251)/(-15).
2, 3, 5
Let s(q) = 5*q**3 + 5*q**2 - 8*q - 2. Suppose 11 = 2*f - 5*d, 0*f - f - 3*d = 0. What are the prime factors of s(f)?
2, 7, 11
Let a(t) be the first derivative of -t**3/3 + 17*t**2/2 + 31*t - 9. List the prime factors of a(13).
83
Suppose 3*g = 4*q + 1842, -3*g + 981 = -3*q - 864. List the prime factors of g.
2, 3, 103
Suppose 5944 = 10*x - 6686. List the prime factors of x.
3, 421
Suppose s + 72 = -3*s. Let m be (-3)/(s/8)*3. Suppose -5*v + 102 = 3*h, 0*v - v + m*h + 25 = 0. List the prime factors of v.
3, 7
Suppose -2*z + 4*z = 6. Suppose -2*i + 2 = -4*a, 0*a - z*a = -2*i + 2. Let l = 4 - a. List the prime factors of l.
2
Let n be 1*(-4 + 6)*(-2)/4. Let w = n - -88. What are the prime factors of w?
3, 29
Suppose -20 = -t - 17. Suppose 4*b + 20 = 0, -t*p - 314 = -6*p + b. What are the prime factors of p?
103
Suppose 4*v = 11*v - 5026. Let t = -400 + v. What are the prime factors of t?
2, 3, 53
Suppose t - 100*p = -101*p + 3142, 0 = 4*t + 5*p - 12570. List the prime factors of t.
2, 5, 157
Let d = -536 + 751. What are the prime factors of d?
5, 43
Suppose -28*o + 4403 - 651 = 0. List the prime factors of o.
2, 67
Let h(a) = 36*a + 30. Let y(l) = l + 1. Let v(q) = -h(q) + 30*y(q). Let w be v(-2). Suppose 15*g - w*g - 54 = 0. List the prime factors of g.
2, 3
Suppose x = -3*x + 1368. What are the prime factors of x?
2, 3, 19
List the prime factors of 35890/16 - 25/200.
2243
Let a(y) = 8*y - 38. Let z be a(6). List the prime factors of (-592)/(-5) - 4/z.
2, 59
Suppose 581 = -8*n + 15*n. Let g be (111/6*-2)/1. Let t = g + n. What are the prime factors of t?
2, 23
Let w be (-7 + 1)*3/(-2). Suppose 0 = -14*p + w*p + 385. List the prime factors of p.
7, 11
Let b be ((-34)/4)/((-2)/12). Let l = b + 7. List the prime factors of l.
2, 29
Let n(w) = 3*w**2 + 25*w + 149. List the prime factors of n(-23).
3, 43
Suppose -16*g - g + 12767 = 0. What are the prime factors of g?
751
Suppose 11*f - 105 = 6*f. Let h(b) = -2*b + 8. Let d be h(8). Let c = f + d. What are the prime factors of c?
13
Let x(k) = 21*k + 32. What are the prime factors of x(23)?
5, 103
Let i = 26 + -22. Suppose -4*o - 524 = -i*y, 4*y - o + 2*o = 519. What are the prime factors of y?
2, 5, 13
Suppose -5*a - 4*r = -3626, -8*r = -9*r + 4. What are the prime factors of a?
2, 19
Let o be 31*15 - (2 - 2). Let h = -194 + o. What are the prime factors of (-14)/(-49) - h/(-7)?
3, 13
Suppose g + 105 = 6*g. Suppose 2*i + b - g = i, -3*i + 71 = 5*b. Suppose h = i + 10. What are the prime factors of h?
3
List the prime factors of (-790)/(-2) + 0 + -3.
2, 7
Let t = -113 + -1167. Let i be t/12 - (-4)/(-12). Let s = -56 - i. What are the prime factors of s?
3, 17
Let p(g) = -g**3 - 9*g**2 + 3*g + 9. Let j be p(-9). List the prime factors of (16/(-12))/(2/j).
2, 3
Let a = -484 + 848. Suppose -4*n = -n + 9, 4*n = -4*o + a. What are the prime factors of o?
2, 47
Suppose -2*c + c = -7*c. Suppose c = l - 3, 125 - 542 = -3*f + 4*l. What are the prime factors of f?
11, 13
Let n be ((-171)/(-15))/(1/(-10)*-2). Let d = n + -32. What are the prime factors of d?
5
Let t(k) = 16*k + 1 - 43*k + 14*k + 36*k**2 + 15*k. List the prime factors of t(-2).
3, 47
Suppose -4*r = -3*c + 1670, 2*r - 357 - 733 = -2*c. List the prime factors of c.
2, 5, 11
Let w(c) = c**3 - 3*c**2 + 2*c + 12. Let q be w(7). Suppose 438 = 5*a - q. Suppose 0 = 3*j - 75 - a. What are the prime factors of j?
3, 23
What are the prime factors of (-23 - -22)/((-1)/4656)?
2, 3, 97
Let o be 1 + 2418 - (0 - -1). Suppose -538 + o = 8*f. What are the prime factors of f?
5, 47
Suppose -2*f = 4 - 46. Let q be (0 - f)*11/(-33). What are the prime factors of 0 + 34 - (-5 + q)?
2
Suppose 25*u - 4072 - 9853 = 0. List the prime factors of u.
557
Suppose 5*u - 5 = -10. Let p(j) = 62*j**2 + j + 1. What are the prime factors of p(u)?
2, 31
Suppose y + 3*y - 236 = 0. Let c(a) = 19*a + 9. Let u be c(-2). Let p = y + u. What are the prime factors of p?
2, 3, 5
Suppose -22*h + 14235 = -2485. List the prime factors of h.
2, 5, 19
Suppose 3*z - 845 = 1069. What are the prime factors of z?
2, 11, 29
Let d(j) = j**2 + 12*j + 1. Let b be d(-13). Let h = -16 + b. Let r = 6 + h. List the prime factors of r.
2
What are the prime factors of ((-78)/4)/((-69)/598)?
13
Let c(s) = s**3 + s**2 - 2*s - 20. Let w be c(0). What are the prime factors of (-270)/(-25) + w/25?
2, 5
Let n be (-4 - -3)*1 - -1. Suppose 0*k + 2*k - 360 = 0. Suppose n*s - k = -4*s. List the prime factors of s.
3, 5
Let i(l) = 30*l + 3. Let g be i(-1). What are the prime factors of (-7)/((4/(-6))/((-18)/g))?
7
Let a(c) = 4*c + 2. Let j be a(1). What are the prime factors of -1*j + 2 + 59?
5, 11
Let h = -54 - -68. What are the prime factors of 4/h - 8100/(-70)?
2, 29
Suppose 5*n = 3*l - 21, n + 0*n - 1 = -2*l. Suppose -2*s = 6, 2*o - 54 = l*s - 0*s. What are the prime factors of o?
2, 3
Let x(p) be the first derivative of p**3/3 - 9*p + 11. What are the prime factors of x(-8)?
5, 11
Suppose 2*c + 17 = 3